**3 - 7*c + 4. Give g(6).
-2
Let u(q) = -8*q. Let c be (-2 - (-15)/6)*0. Suppose c = 4*t - 0 + 8. What is u(t)?
16
Let v = 7 - 4. Let c(s) = s**2 - 2*s - 1. Let j be c(v). Suppose -j*b + 0*b + 6 = 0. Let q(z) = 2*z - 2. Give q(b).
4
Let v(y) = 4*y**2 - 6*y - 8. Let b(g) = -5*g**2 + 7*g + 9. Let u(q) = 5*b(q) + 6*v(q). What is u(-3)?
-9
Let j(k) be the third derivative of k**4/12 - 2*k**3/3 + k**2. Let c = -2 - 2. Let z = c - -8. Calculate j(z).
4
Let s(k) be the third derivative of k**6/15 - k**5/30 + k**3/6 + 4*k**2. Determine s(-1).
-9
Let b(v) = -v**3 + v**2 + v + 5. Suppose 0*k - k = 0. Suppose 8*j = 5*j - 3*o, 5*j + 2*o = k. What is b(j)?
5
Let d(t) = 3*t + 1. Let u(h) = 7*h + 2. Let g(w) = -9*d(w) + 4*u(w). Suppose -2*r = -6*r. Suppose -2*n - 3*c + 5 = -3*n, -n - 3*c + 13 = r. Calculate g(n).
3
Let x(n) = n + 1. Let m(f) = 2*f**2 - 10*f - 3. Let t(j) = -4*j**2 + 21*j + 7. Let y(d) = -7*m(d) - 3*t(d). Let v be y(4). Give x(v).
-3
Let y(m) be the second derivative of -m**3/3 + m**2/2 - 2*m. Suppose -q = q - 4. Let g be y(q). Let o(j) = -2*j + 1. Calculate o(g).
7
Let z(d) = d**3 - 4*d**2 - 5. Let y be ((-8)/(-12))/(2/33). Let j = -25 + y. Let p = -10 - j. Determine z(p).
-5
Suppose 3*b - 4*h = 32, h = -0*h - 5. Let u(m) = 5*m**2 + m. Let y be u(-1). Let i(o) = y - 3*o - 5*o + b*o. Give i(3).
-8
Suppose -j + 2 = -4. Suppose -18 = -3*g + j*g. Let h(p) = p**3 + 6*p**2 - p - 1. Determine h(g).
5
Let d(q) = -q**2 - 7*q - 7. Suppose 0 = -3*c + 30 + 9. Suppose -5*x = c + 17. What is d(x)?
-1
Let s(r) = -r + 2. Let p be s(11). Let m(u) = -u**3 + 7*u**2. Let c(l) = -4*l**3 + 29*l**2 + l. Let n(w) = p*m(w) + 2*c(w). Determine n(4).
-8
Let t(o) be the first derivative of o**3/3 - 2*o**2 + 3*o + 10. Calculate t(4).
3
Let c(y) be the first derivative of y**4/12 + 2*y**3/3 + y**2 - 3. Let v(j) be the second derivative of c(j). Calculate v(-4).
-4
Let x be 16/3 + (-5)/15. Let a = -14 - -20. Let y(c) = -2*c - c**2 + c + a*c + c - 2. Determine y(x).
3
Let p = 2 + -2. Suppose -s = -3*w + 6, -4*s + 7*s - 3*w = 0. Let q(h) = h - s*h + h + 6. What is q(p)?
6
Let h = -7 - -10. Suppose -x + 0*o + 11 = -3*o, -19 = -5*x - h*o. Let i(c) = c**2 - 7*c + 3. Determine i(x).
-7
Let f(g) = -g**3 + 4*g**2 + 5*g + 1. Suppose -b - 5*u = -23 + 2, 7 = -b + 2*u. Suppose 2*k - k = 4*h + b, k + 2*h = 7. What is f(k)?
1
Let p(h) = -5*h**3 - 7*h**2 - 10*h + 5. Let j(q) = -9*q**3 - 14*q**2 - 20*q + 11. Let g(b) = -6*j(b) + 11*p(b). Calculate g(8).
5
Let p(g) = g**3 - 4*g**2 - 5*g - 1. Let l(h) = h + 3. Let s be l(0). Suppose 3*c - 3 = -a + c, 3*c + s = 0. Calculate p(a).
-1
Let k(t) = 2*t - 5. Let s be k(4). Suppose 3*q - 2*q = s. Let c(p) = -p**2 + 4*p. Give c(q).
3
Let j(w) = 7 - 4*w - 1 - 7 + 4. Determine j(3).
-9
Let v(d) = d + 7. Let k(u) = -u - 7. Let p be k(-3). Calculate v(p).
3
Let g = 4 + -6. Let z(w) = w - 2. What is z(g)?
-4
Let y(k) = -k + k**3 - 6 + 0*k**2 - 4*k**2 + 9*k**2. What is y(-5)?
-1
Let p(r) = -3*r + 2*r**3 - r**2 + 6*r**2 + 0*r**3 - 3*r**3. Determine p(3).
9
Let q(d) = d + 1. Let z = 11 - 7. Suppose -z*s - 48 = -0. Let v = -8 - s. Determine q(v).
5
Suppose -14*h + 12*h = 0. Suppose 41 = 4*o + 5. Let u(w) = -2*w + o + 3*w + 0*w**2 + w**2 + w**3. Determine u(h).
9
Let m(n) be the first derivative of n**4/4 + 10*n**3/3 - n + 2. Let j be m(-10). Let t(i) = -5*i - 1. What is t(j)?
4
Let h be 1/3*(-39)/1. Let i be 2/h + 84/39. Let w(k) = k**3 - 2*k**2 - 3*k + 3. Calculate w(i).
-3
Let u(v) = -v**3 - 7 + 4*v**2 + 2*v**3 + 0*v - 5*v. Suppose 3*q - 2*l + 7 = 0, -q - 6 = -3*q + 4*l. Determine u(q).
-7
Let p(a) = a**3 - 2*a**2 - 3*a + 3. Let h be p(3). Let w be h - (-1)/(-1 + 2). Suppose -w*y = -0*o - o + 13, -3*y = -3*o + 21. Let v(u) = -2*u + 6. Give v(o).
-4
Let n(m) be the second derivative of 3*m + 0*m**2 + 1/2*m**3 + 0*m**4 - 1/40*m**5 + 0. Let q(u) be the second derivative of n(u). Give q(2).
-6
Suppose 0 = -8*a + 5*a. Suppose 5*i - 10 - 5 = 0. Let m = i - a. Let o(f) = -f**3 + 4*f**2 - 4. Determine o(m).
5
Let y(n) = n**2 + 9*n + 9. Let o(x) = x**2 + 8*x + 8. Let b(u) = -6*o(u) + 5*y(u). What is b(-4)?
-7
Let c be (1 + -2)*0 + -3. Let i(u) = -2*u - 2. Determine i(c).
4
Suppose -11*u + 7*u + 16 = 0. Let d(g) = 2*g - 5. Give d(u).
3
Let t be (-4)/(-2) + 6/3. Let d(n) = n**3 + 6*n**2 + n + 8. Let g be d(-6). Let q(j) = 4*j + 0*j**3 - 2*j**2 + j**3 - g - 3*j**2. What is q(t)?
-2
Let t = 20 - 16. Let f(r) = r**3 - 4*r**2 + 3. Calculate f(t).
3
Let p be (-1*(-2)/(-6))/((-2)/6). Let o(h) = 132*h + 32. Let l(n) = 12*n + 3. Let w(x) = 32*l(x) - 3*o(x). Determine w(p).
-12
Let d(b) = 6*b**3 - 2*b**2 + 1. Let k = -10 - 1. Let z = 12 + k. Calculate d(z).
5
Let f = 61/2 + -30. Let p(u) be the second derivative of -1/4*u**4 - u + 0 - 1/20*u**5 + u**2 + f*u**3. Determine p(-4).
6
Suppose 0*h + 116 = 4*h. Let m = h - 32. Let n(v) be the third derivative of -v**6/120 - v**5/30 + v**4/6 + v**3/2 + v**2. What is n(m)?
0
Suppose 4*v - 11 + 3 = 0. Let r(q) = 4*q**2 - q - 5*q**2 - 4*q**3 + 3*q**v + 0*q. Suppose f - 4 = -3. Determine r(f).
-3
Suppose 0*d = d + 4*w - 12, -4*d + 5*w = 36. Let q(h) = -h**3 - 5*h**2 - 3*h. What is q(d)?
-4
Let c(s) = s + 2. Suppose -6 = -j - 0*j. Suppose 1 = q + j. Give c(q).
-3
Let b(c) = 6*c**2 + 5*c - 10. Let p(r) = -r**2 - r + 2. Let y(a) = 2*b(a) + 11*p(a). Let m be (1 + -2 + 11)*1. Let x = m - 12. Calculate y(x).
8
Let u(c) = c**2 + 2*c - 2. Let h be (-1)/(-1) - (-4)/4. Let a be (-1 - 0) + h - 3. Calculate u(a).
-2
Let r(w) = -2*w**3 + 2*w**2 - 9*w - 29. Let l(d) = -d**3 + d**2 - 4*d - 14. Let q(v) = 7*l(v) - 3*r(v). Let b(g) = -24*g - 120. Let m be b(-5). Calculate q(m).
-11
Let g(h) = 4*h + 2. Let v(p) = 7*p**3 - 8*p**3 + 2*p + 5*p - 8 + 5*p**2. Let b be v(6). Give g(b).
-6
Let j be ((-1 - 1) + 1)*1 + -3. Let r(f) = -f**2 - 3*f + 4. Calculate r(j).
0
Suppose 5 = 5*o - 0. Let v(z) be the second derivative of 3*z - 1/2*z**2 + 2/3*z**4 + 0 + 1/6*z**3. What is v(o)?
8
Let t(v) be the first derivative of v**2/2 - v - 2. Let r(g) = g**3 - 2*g**2 - 2*g - 2. Let b = 1 - -2. Let a be r(b). Determine t(a).
0
Suppose -30 = n - 28. Let y(m) = 4*m - 3. Let a(g) = -1 + 3*g + 1 - 3. Let x(w) = n*y(w) + 3*a(w). Determine x(6).
3
Suppose 4*r + 18 - 2 = 0. Let o(q) = q**2 - 4*q + 2. Let t(i) = -6*i**2 + 21*i - 10. Let y(s) = 11*o(s) + 2*t(s). What is y(r)?
-6
Let o(y) = 3*y - 1. Let k(a) = a**2 - a. Let g(z) = -2*k(z) - 2*o(z). Calculate g(-5).
-28
Let f(d) = -d**2 + 20*d - 5. Let i be f(20). Let v be 12/10*(4 - -1). Let a(c) = -2*c**3 + 2*c**3 - v*c**2 - 5*c - 1 - c**3. Determine a(i).
-1
Let r(t) be the first derivative of -t**4/6 + t**3/6 + t + 3. Let g(y) be the first derivative of r(y). Give g(1).
-1
Let z(n) = -n - 5. Let j(t) = -4*t**3 + 1. Let u = -2 + 3. Let a be j(u). Determine z(a).
-2
Let f(o) = -o**2 + 3*o - 1. Let n be f(4). Let u(z) = -z**2 - 2*z + 7. Give u(n).
-8
Let k(q) = 16*q - 6. Let n(d) = 3*d - 1. Let s(h) = 2*k(h) - 11*n(h). Let p(j) = 6*j + 9. Let c(z) = -p(z) - 4*s(z). Determine c(-5).
5
Let k be 2 + (-2 - (-5 + -1 + 2)). Let w(r) be the second derivative of -1/12*r**4 + 1/3*r**3 - 2*r + 0 + r**2. Calculate w(k).
-6
Let h be ((-2)/(-5))/((-2)/(-10)). Let b(z) = -z**3 + 2*z**2 + z. Let q be b(h). Let c(v) = 1 + 2 - 3*v + v**q + 2*v**3 - v**3. Calculate c(-3).
-6
Let k(g) be the second derivative of g**4/12 + 2*g**3/3 - g**2/2 + 14*g. Suppose -2*q + 4*q - 16 = 0. Let l = q + -13. Calculate k(l).
4
Let x(n) = -n**3 - n. Let s(b) = 4*b**3 + 7*b**2 + 4*b + 1. Let j(l) = -s(l) - 3*x(l). Give j(-7).
6
Let h(b) = -20*b**3 + 2*b**2 + 35*b + 14. Let d(r) = -7*r**3 + r**2 + 12*r + 5. Let i(g) = -17*d(g) + 6*h(g). Let j be (-9)/(-6)*-2 - 3. Calculate i(j).
-1
Let k(a) = -a**2 - 4*a - 4. Let p be k(-3). Suppose -4*j = h - 16, 5*h + 3*j = -2 + 14. Let q(n) = 4*n + h*n + n - 4*n. Give q(p).
-1
Let y(i) = 3*i - 6. Let x(r) = r + 1. Let b(f) = -2*x(f) + y(f). What is b(5)?
-3
Let q(w) = w**2 - 7*w + 4. Let i be 4 - 8/(-6)*6. Let u be i/9*18/4. Determine q(u).
-2
Let y(d) be the first derivative of -d**2/2 + 3*d - 1. Let l = -24 + 27. Let u be y(l). Let a(m) = -m**3 + m**2 - m - 5. Determine a(u).
-5
Let x(r) be the first derivative of -r + 3/2*r**2 + 1. Suppose 20*m + 11*m = -31. Determine x(m).
-4
Let x be (-22)/(-6) + (-2)/(-6). Let f(w) be the se